the highest common divisor of n and r?
6
Suppose -14 = -48*y + 46*y. What is the highest common divisor of y and 175?
7
Let i(w) = 3*w**2 - 19*w + 8. Let p be i(6). Suppose 3*z - p*y = -166 + 513, -226 = -2*z + 4*y. What is the greatest common divisor of 18 and z?
9
Suppose -6*q + 5*v - 5 = -3*q, v = q - 1. Suppose 3*f - f - a = 9, q*a = -25. Calculate the highest common divisor of 1 and f.
1
Suppose -10*x = -5*x - 190. Suppose -p + z + 29 + x = 0, p + z = 77. Calculate the highest common factor of 48 and p.
24
Let t(p) = 4*p + 17. Let i be t(12). Let z(h) = h**2 - 3*h - 11. Let r be z(6). Suppose -2*d - i = -r*d. Calculate the greatest common divisor of 13 and d.
13
Let w be 8/(2/6*(-39)/(-143)). Calculate the greatest common divisor of 77 and w.
11
Suppose 0*q + 528 = 22*q. Suppose 3*k - 96 = k. What is the greatest common divisor of k and q?
24
Suppose 3*m = 983 + 2128. What is the highest common factor of 34 and m?
17
Let l = -138 - -141. Suppose -3*v + v = l*z - 118, -2 = 2*v. Calculate the highest common factor of 10 and z.
10
Let b be (-24)/4*(-1)/2. Suppose b*m - 112 = 53. Let k = 8 + -3. Calculate the highest common divisor of k and m.
5
Let d = 573 - 531. Let r = 0 - -6. Calculate the greatest common factor of d and r.
6
Let b = 80 + 20. Calculate the highest common factor of 20 and b.
20
Suppose 14*a = 10*a + 228. Let v be (-3)/(-3) - -2*1. Suppose -s - v*s + 76 = 0. Calculate the highest common factor of a and s.
19
Let x(i) = 9 - 4 - 14*i + 1. Let o be x(-6). Suppose -2*j + j + o = 0. Calculate the greatest common factor of 18 and j.
18
Suppose 4 = -2*z, -k + 4 = 5*z - 7. Let x = k - 22. Let a be 14 + x/(-1) + -5. What is the highest common factor of a and 10?
10
Suppose 2*t - 58 = t. Let l be (1 + 2/(-8))/(38/(-304)). Let z = t - l. Calculate the highest common divisor of z and 8.
8
Let o(k) = -k**2 + k - 2. Let i be o(5). Let g = i - -48. Calculate the greatest common divisor of g and 26.
26
Let z = -56 + 550. Calculate the greatest common factor of 76 and z.
38
Let w be (-232)/(-3364) + -16*(-362)/116. Calculate the highest common factor of w and 90.
10
Suppose 51 = 2*v + 5*d, 3*v - 2*d - 34 = -d. Let p(l) = 3*l**2 + 5*l + 5. Let z be p(-7). What is the highest common factor of z and v?
13
Let x(u) = -u**3 - 9*u**2 + 11. Let h(p) = p**3 - 12*p**2 + 9*p + 12. Let d be h(11). Let w be x(d). Calculate the highest common factor of w and 37.
37
Let c = -123 + 125. Let m(z) = 9*z**3 + z**2 + z - 1. Let r be m(1). What is the highest common divisor of c and r?
2
Let b be (8/10)/((-2)/(-75)). Let i be (-1)/1*(0/65 + (-59 - 1)). What is the highest common divisor of b and i?
30
Let s = -195 - -402. Calculate the highest common factor of s and 3.
3
Suppose -61*x = -64*x + 3*d + 51, -4*d = -x + 23. Let j be 16 - 1*0/2. Suppose -4*i + 0 = 8, -j = -3*o - i. Calculate the highest common divisor of x and o.
3
Let j = 1 - -4. Suppose j*h + 2*b - 112 = 0, 4*b - 7 + 23 = 0. What is the greatest common factor of h and 8?
8
Let d(c) = c**3 + 17*c**2 + 3*c - 41. Let y be d(-15). Calculate the greatest common factor of 28 and y.
28
Suppose 4*g - 3*g - 4 = 0, -4*g = 3*c - 46. Calculate the greatest common factor of 5 and c.
5
Let k(r) = r**2 - 29. Let s = -118 + 110. Let u be k(s). Let c(b) = -b**2 - 5*b + 1. Let m be c(-4). Calculate the greatest common divisor of u and m.
5
Suppose -5*r + 0*r + 762 = -2*j, 782 = 5*r + 3*j. Suppose -4*z + z = -42. Calculate the highest common divisor of z and r.
14
Let h be ((-1)/(-4))/(13/104). Suppose -53 = -h*u + 15. Calculate the greatest common factor of 17 and u.
17
Suppose 25 - 110 = -5*l. What is the greatest common factor of 221 and l?
17
Let w(v) = v**2 - 2*v - 3. Let d be w(5). Suppose d + 1 = u - 3*c, 2*u = 5*c + 22. Suppose -3*m - 6 = -6*m. What is the greatest common divisor of m and u?
1
Let p(q) = 77*q + 239. Let u be p(-3). Calculate the greatest common factor of u and 16.
8
Let j(i) = i**3 + i**2 - 22*i - 4. Let b be j(-5). What is the greatest common factor of b and 15?
3
Let f(a) = a**2 - 2*a + 2. Let n be f(2). Let o be n + (3 - (1 - -1)). Suppose o = 3*v - 51. What is the highest common factor of v and 6?
6
Suppose 9*z = 3737 + 511. Calculate the highest common factor of 59 and z.
59
Suppose -3*v = 2*v - 125. Let o(y) = y**2 - 14*y - 13. Let d be o(14). Let z = 18 + d. Calculate the greatest common divisor of z and v.
5
Let x be (3 - 42/10)*-60. Let b be -2 - 0 - 3*14. Let o = x + b. Calculate the highest common factor of o and 42.
14
Let k be (0 - 0)/(2/(-1)). Suppose k = -2*a + 37 - 5. Suppose -177*s + 165*s = -480. Calculate the greatest common divisor of a and s.
8
Let h be 127/5 - 22/55. Let n = -37 + 19. Let t = h + n. What is the highest common divisor of t and 63?
7
Let l be (-660)/(-99)*(-81)/(-12). Suppose 2*m = 5*t - 79, t = 4*m - 0*m + 23. Calculate the highest common factor of l and t.
15
Suppose 175 = -108*z + 115*z. Calculate the highest common factor of 10 and z.
5
Suppose -6*u = -23 - 85. Suppose -3*o - 2*o - 190 = 0. Let h = -20 - o. What is the greatest common factor of h and u?
18
Let m(t) = 23*t - 467. Let v be m(27). What is the greatest common factor of v and 28?
14
Suppose 0 = 2*f + 4*a - 19 + 11, -5*f + 15 = 5*a. Calculate the highest common divisor of 53 and f.
1
Suppose 3 = -t - 1, 3*t - 28 = -4*j. Suppose 4*f - 122 = c + c, -2*c - j = 0. Calculate the greatest common factor of 4 and f.
4
Suppose -4*m + 9*m = -b - 880, 3*m + 526 = -b. Let c = 299 + m. Suppose 190 = 3*f - c. Calculate the highest common factor of 13 and f.
13
Suppose 0 = 2*r - 10*r + 13376. What is the greatest common factor of 76 and r?
76
Let n(s) = 2*s**2 - 4*s - 20. Let z be n(-8). Let c be 102/5 - 4/10. Calculate the highest common divisor of c and z.
20
Let d = 158 - 80. Let i = -55 + d. Let f be (-1)/(-2) - (-7)/28*642. What is the greatest common divisor of f and i?
23
Let p(o) = -87*o - 133. Let j be p(-19). What is the greatest common factor of 95 and j?
95
Suppose 0 = 5*x - 6*x + 4. Let o be (2 + 12/(-8))*x. Let v be 24/6 - -1*1. What is the highest common factor of o and v?
1
Let q = 970 + -895. Let j = -1 - -31. Calculate the highest common factor of q and j.
15
Suppose -2*u - 4*v + 674 = 0, 5*u = -4*v + 2128 - 461. Suppose 4*a - 3*m - u = 0, 0 = 3*a + 5*m - 247 - 23. Calculate the greatest common factor of a and 51.
17
Let j be ((-28)/(-12) + -2)*294/14. Calculate the greatest common factor of j and 1.
1
Let r = 4 - -1. Suppose r*y - 118 = 287. Suppose 3*l - 54 = l. Calculate the highest common factor of y and l.
27
Suppose 0 = 3*a - 2*b - 15, -a = 2*b + b - 5. Let m(q) = q**3 - 6*q**2 + 11*q - 11. Let l be m(a). What is the highest common factor of 114 and l?
19
Suppose n = -n + 2*j + 124, 2*j = 0. Suppose 0 = -3*w + 260 + 19. What is the highest common factor of w and n?
31
Let y be 2/8 - 27/(-4). Suppose 671 = 16*l + 607. Suppose n + 250 = 5*a, -a + l*n = y*n - 50. Calculate the greatest common divisor of 10 and a.
10
Suppose -69*i - 5*l = -68*i - 425, 0 = 2*l - 4. Calculate the highest common divisor of i and 332.
83
Suppose -4*o + 36 = 10*g - 9*g, 0 = -5*g - 4*o + 260. Calculate the highest common divisor of 476 and g.
28
Let s(f) = -2*f**3 - 6*f**2 - 7*f + 6. Let l be s(-5). Suppose -3*p = 3*d - 0*p - l, 3*p + 243 = 5*d. What is the greatest common divisor of 6 and d?
6
Let x(w) = 211*w + 2. Let k be x(1). Let q = -122 + k. Let i be (-2)/(-7) + 3614/q. What is the greatest common divisor of 20 and i?
20
Suppose -1 = -t + 3*p, 5*t - 2*p = -4*p + 39. Let k = -21 - -119. Calculate the highest common factor of t and k.
7
Suppose -188 + 485 = 9*j. Let g be 5/(-2)*24/(-20). What is the highest common factor of j and g?
3
Let r(m) = 2 + 2*m - 3*m + 3*m**2 + 2 + m**2. Let v = 1 + -5. Let i be r(v). What is the highest common divisor of i and 8?
8
Let z(d) = -15*d + 8. Let u be z(3). Let m = u + 46. Calculate the highest common factor of 99 and m.
9
Let z = -14 - -17. Suppose -z*n + 6 = -99. Calculate the highest common divisor of n and 7.
7
Let i(t) = -13*t**3 - 3*t**2 - 3*t. Let x be i(-1). Suppose 4*g + 260 = 832. What is the highest common factor of g and x?
13
Let r(o) = o + 12. Suppose 5*x = 2*j - 61, x - 3*j = -3*x - 53. Let t be r(x). Let u be ((-21)/4)/(t/(-8)). What is the gre